936835?
3
What is the billions digit of 1132463660?
1
What is the ten thousands digit of 87421198?
2
What is the tens digit of 2907428597?
9
What is the billions digit of 1028750109?
1
What is the units digit of 212321309?
9
What is the tens digit of 1711299163?
6
What is the hundreds digit of 72700401?
4
What is the units digit of 466849759?
9
What is the millions digit of 19031886?
9
What is the units digit of 745314736?
6
What is the hundreds digit of 33792376?
3
What is the hundreds digit of 2599012205?
2
What is the hundred thousands digit of 885858389?
8
What is the millions digit of 10253931?
0
What is the thousands digit of 82816422?
6
What is the tens digit of 613458448?
4
What is the hundred thousands digit of 4348118206?
1
What is the ten thousands digit of 23093957?
9
What is the hundred millions digit of 514985169?
5
What is the ten thousands digit of 51148488?
4
What is the thousands digit of 321067233?
7
What is the ten millions digit of 253198599?
5
What is the millions digit of 1733760014?
3
What is the hundred millions digit of 205945978?
2
What is the units digit of 205207503?
3
What is the units digit of 41241318?
8
What is the hundred thousands digit of 2040129201?
1
What is the units digit of 124780409?
9
What is the tens digit of 216723965?
6
What is the units digit of 10087304?
4
What is the tens digit of 714076979?
7
What is the hundred thousands digit of 16608673?
6
What is the hundred millions digit of 217811210?
2
What is the thousands digit of 269444363?
4
What is the ten millions digit of 765223045?
6
What is the units digit of 42104694?
4
What is the tens digit of 1103474121?
2
What is the units digit of 389776045?
5
What is the tens digit of 5079518232?
3
What is the hundred thousands digit of 1201114620?
1
What is the hundreds digit of 211966547?
5
What is the hundreds digit of 6403620468?
4
What is the millions digit of 1889072065?
9
What is the tens digit of 65892002?
0
What is the tens digit of 98654409?
0
What is the ten thousands digit of 3717933068?
3
What is the ten thousands digit of 9564960?
6
What is the units digit of 52339676?
6
What is the hundred millions digit of 872753082?
8
What is the ten thousands digit of 710153298?
5
What is the hundred millions digit of 103190446?
1
What is the hundreds digit of 70318508?
5
What is the hundred thousands digit of 68864984?
8
What is the ten thousands digit of 390194265?
9
What is the hundreds digit of 6850364978?
9
What is the thousands digit of 94189869?
9
What is the millions digit of 46747120?
6
What is the tens digit of 44306841?
4
What is the units digit of 91320083?
3
What is the thousands digit of 11055477?
5
What is the hundred millions digit of 565900820?
5
What is the hundreds digit of 4494618033?
0
What is the hundred thousands digit of 679783334?
7
What is the millions digit of 3031416745?
1
What is the millions digit of 53621252?
3
What is the millions digit of 157628728?
7
What is the units digit of 595842839?
9
What is the ten millions digit of 30582034?
3
What is the ten millions digit of 279545632?
7
What is the units digit of 579706249?
9
What is the ten thousands digit of 262406727?
0
What is the ten thousands digit of 11985014?
8
What is the units digit of 299431335?
5
What is the hundred millions digit of 575028807?
5
What is the tens digit of 31744000?
0
What is the ten millions digit of 31270055?
3
What is the tens digit of 33902900?
0
What is the hundred thousands digit of 215179432?
1
What is the ten millions digit of 333259768?
3
What is the ten millions digit of 170656648?
7
What is the ten thousands digit of 218208784?
0
What is the tens digit of 1890219246?
4
What is the tens digit of 541724210?
1
What is the tens digit of 37515086?
8
What is the hundreds digit of 38581774?
7
What is the tens digit of 710235454?
5
What is the hundreds digit of 7673754754?
7
What is the hundred thousands digit of 104353911?
3
What is the hundred thousands digit of 1825065951?
0
What is the ten thousands digit of 970311171?
1
What is the hundred thousands digit of 6455548?
4
What is the thousands digit of 55208805?
8
What is the ten millions digit of 44598180?
4
What is the units digit of 260957481?
1
What is the thousands digit of 983165295?
5
What is the hundreds digit of 25374766?
7
What is the hundreds digit of 582871698?
6
What is the tens digit of 432495315?
1
What is the units digit of 30031217?
7
What is the units digit of 333311329?
9
What is the units digit of 484783198?
8
What is the ten millions digit of 1381563100?
8
What is the units digit of 2881226059?
9
What is the ten thousands digit of 2650634361?
3
What is the ten millions digit of 25908845?
2
What is the units digit of 464944262?
2
What is the ten millions digit of 140709650?
4
What is the ten millions digit of 7254053583?
5
What is the thousands digit of 1502379113?
9
What is the millions digit of 695673518?
5
What is the tens digit of 223581136?
3
What is the units digit of 494923195?
5
What is the units digit of 37354774?
4
What is the thousands digit of 145209072?
9
What is the tens digit of 556095518?
1
What is the tens digit of 156771339?
3
What is the hundred thousands digit of 4962071?
9
What is the hundreds digit of 10227738?
7
What is the ten millions digit of 15274530?
1
What is the ten millions digit of 272896441?
7
What is the hundred millions digit of 1624792083?
6
What is the tens digit of 117402627?
2
What is the millions digit of 225158127?
5
What is the ten thousands digit of 717723004?
2
What is the thousands digit of 82255855?
5
What is the millions digit of 63261102?
3
What is the hundred thousands digit of 2448393273?
3
What is the ten thousands digit of 111542088?
4
What is the hundred millions digit of 509748763?
5
What is the millions digit of 28072769?
8
What is the ten thousands digit of 927956111?
5
What is the ten millions digit of 218326942?
1
What is the hundred millions digit of 108770391?
1
What is the thousands digit of 688827593?
7
What is the units digit of 4348797865?
5
What is the thousands digit of 152885213?
5
What is the tens digit of 22301040?
4
What is the hundred thousands digit of 5026896?
0
What is the hundred thousands digit of 2028297719?
2
What is the ten thousands digit of 39900112?
0
What is the hundred thousands digit of 190678324?
6
What is the tens digit of 62093714?
1
What is the hundreds digit of 98939155?
1
What is the ten thousands digit of 1137046323?
4
What is the billions digit of 2305726346?
2
What is the units digit of 235453677?
7
What is the tens digit of 241621566?
6
What is the ten millions digit of 637222841?
3
What is the ten thousands digit of 41682909?
8
What is the thousands digit of 832621063?
1
What is the ten thousands digit of 68377236?
7
What is the tens digit of 412118280?
8
What is the ten thousands digit of 8343305?
4
What is the ten thousands digit of 161524281?
2
What is the tens digit of 103078862?
6
What is the hundred millions digit of 177695143?
1
What is the hundreds digit of 414393392?
3
What is the ten millions digit of 251506363?
5
What is the billions digit of 4556908755?
4
What is the units digit of 2297213?
3
What is the hundred thousands digit of 446409915?
4
What is the ten millions digit of 3487706124?
8
What is the tens digit of 2580562477?
7
What is the units digit of 336747172?
2
What is the millions digit of 86994415?
6
What is the ten thousands digit of 234420591?
2
What is the tens digit of 1044865033?
3
What is the hundred thousands digit of 1025301735?
3
What is the hundred thousands digit of 671702532?
7
What is the tens digit of 834716246?
4
What is the thousands digit of 98477024?
7
What is the hundreds digit of 312598722?
7
What is the hundred thousands digit of 75818899?
8
What is the billions digit of 1559263458?
1
What is the ten millions digit of 3773879766?
7
What is the tens digit of 616703484?
8
What is the tens digit of 247515113?
1
What is the ten millions digit of 1098660442?
9
What is the millions digit of 10072530?
0
What is the hundreds digit of 748092069?
0
What is the hundred thousands digit of 66020291?
0
What is the ten thousands digit of 736241352?
4
What is the units digit of 39290559?
9
What is the hundred thousands digit of 7049580622?
5
What is